or of 130 and 50.
10
What is the highest common factor of 45 and 4605?
15
What is the greatest common divisor of 1611 and 9?
9
What is the highest common divisor of 1078 and 98?
98
Calculate the highest common divisor of 68 and 68.
68
Calculate the greatest common factor of 184 and 8.
8
Calculate the highest common divisor of 810 and 720.
90
Calculate the greatest common factor of 29 and 58.
29
What is the greatest common divisor of 31590 and 390?
390
Calculate the highest common factor of 20 and 460.
20
What is the highest common divisor of 621 and 1587?
69
What is the highest common divisor of 1 and 243?
1
What is the highest common factor of 16214 and 402?
134
What is the greatest common divisor of 429 and 39?
39
What is the greatest common factor of 75 and 350?
25
Calculate the greatest common factor of 86 and 129.
43
Calculate the greatest common factor of 69 and 184.
23
Calculate the highest common factor of 90 and 1530.
90
Calculate the greatest common divisor of 27 and 7.
1
Calculate the highest common divisor of 115 and 80.
5
What is the greatest common factor of 7722 and 162?
54
What is the highest common divisor of 741 and 91?
13
What is the greatest common divisor of 13 and 533?
13
What is the highest common divisor of 75 and 885?
15
Calculate the highest common factor of 70 and 11774.
14
What is the highest common factor of 192 and 120?
24
What is the greatest common factor of 553 and 3239?
79
What is the highest common divisor of 6909 and 147?
147
What is the greatest common factor of 55 and 275?
55
What is the greatest common divisor of 3185 and 13?
13
Calculate the highest common factor of 18 and 4878.
18
What is the greatest common factor of 39 and 6591?
39
Calculate the highest common divisor of 88 and 44.
44
Calculate the highest common factor of 1 and 14.
1
What is the highest common factor of 76 and 4?
4
What is the highest common divisor of 5346 and 132?
66
What is the greatest common divisor of 5811 and 39?
39
What is the greatest common factor of 33 and 4829?
11
Calculate the greatest common factor of 480 and 72.
24
What is the highest common divisor of 5156 and 16?
4
What is the highest common divisor of 410 and 10?
10
What is the greatest common divisor of 9 and 27?
9
Calculate the highest common factor of 60 and 4580.
20
What is the highest common factor of 612 and 432?
36
What is the highest common divisor of 44 and 4?
4
Calculate the highest common factor of 799 and 527.
17
What is the highest common factor of 31 and 31?
31
Calculate the greatest common divisor of 25130 and 70.
70
What is the highest common divisor of 29 and 37?
1
Calculate the greatest common factor of 16 and 11488.
16
What is the highest common divisor of 123 and 3?
3
Calculate the greatest common factor of 6968 and 26.
26
What is the greatest common divisor of 1120 and 875?
35
What is the greatest common divisor of 7 and 1827?
7
What is the highest common divisor of 58 and 551?
29
Calculate the highest common divisor of 64 and 56.
8
Calculate the greatest common factor of 5882 and 102.
34
Calculate the highest common divisor of 34 and 68.
34
Calculate the highest common divisor of 3526 and 172.
86
What is the highest common factor of 110 and 270?
10
Calculate the highest common divisor of 1300 and 50.
50
What is the highest common divisor of 161 and 184?
23
Calculate the highest common divisor of 64 and 928.
32
What is the greatest common factor of 33 and 803?
11
Calculate the highest common factor of 1853 and 34.
17
Calculate the greatest common divisor of 312 and 195.
39
What is the highest common factor of 60 and 4640?
20
Calculate the greatest common divisor of 38428 and 52.
52
What is the highest common divisor of 54149 and 626?
313
Calculate the greatest common divisor of 12 and 45.
3
What is the greatest common divisor of 14991 and 57?
57
What is the highest common factor of 119 and 2669?
17
Calculate the greatest common factor of 14 and 1256.
2
Calculate the highest common divisor of 732 and 8296.
244
What is the highest common factor of 240 and 192?
48
What is the highest common factor of 325 and 104?
13
What is the greatest common factor of 25 and 1075?
25
Calculate the greatest common factor of 55 and 1760.
55
Calculate the highest common divisor of 31 and 837.
31
What is the highest common divisor of 900 and 1600?
100
Calculate the highest common factor of 72 and 10278.
18
What is the greatest common divisor of 102 and 636?
6
What is the highest common divisor of 285 and 15?
15
What is the greatest common factor of 4360 and 24?
8
Calculate the greatest common factor of 6380 and 88.
44
Calculate the highest common factor of 10 and 205.
5
Calculate the highest common factor of 224 and 21.
7
What is the highest common factor of 85 and 34?
17
What is the greatest common factor of 5 and 20?
5
Calculate the greatest common divisor of 152 and 2456.
8
Calculate the greatest common factor of 11759 and 22.
11
Calculate the greatest common divisor of 224 and 28.
28
Calculate the highest common factor of 12 and 30768.
12
What is the greatest common factor of 160 and 25?
5
What is the highest common divisor of 3 and 6?
3
What is the highest common divisor of 80 and 48?
16
Calculate the highest common factor of 30 and 270.
30
Calculate the greatest common factor of 172 and 46.
2
What is the greatest common factor of 3477 and 228?
57
Calculate the highest common factor of 48 and 46608.
48
What is the highest common factor of 738 and 114?
6
Calculate the greatest common divisor of 190 and 1615.
95
What is the greatest common divisor of 112 and 592?
16
What is the highest common divisor of 59392 and 58?
58
Calculate the highest common divisor of 201 and 8241.
201
What is the greatest common factor of 19 and 4237?
19
What is the greatest common divisor of 2048 and 160?
32
What is the greatest common factor of 796 and 25273?
199
What is the highest common factor of 44 and 77?
11
What is the highest common factor of 1640 and 200?
40
Calculate the highest common factor of 6 and 45.
3
What is the highest common divisor of 513 and 2619?
27
Calculate the greatest common factor of 33 and 3201.
33
What is the highest common divisor of 352 and 11?
11
Calculate the highest common factor of 9 and 243.
9
Calculate the highest common factor of 3 and 69.
3
Calculate the greatest common divisor of 10350 and 46.
46
What is the highest common divisor of 1728 and 540?
108
Calculate the highest common divisor of 390 and 325.
65
Calculate the greatest common divisor of 136 and 51.
17
Calculate the highest common factor of 18 and 618.
6
Calculate the highest common factor of 13769 and 196.
49
Calculate the greatest common divisor of 384 and 1224.
24
Calculate the highest common divisor of 16 and 5968.
16
Calculate the highest common divisor of 19 and 437.
19
What is the greatest common divisor of 413 and 59?
59
What is the highest common divisor of 180 and 9270?
90
Calculate the greatest common factor of 50 and 2950.
50
Calculate the greatest common divisor of 189 and 1449.
63
What is the highest common factor of 2475 and 1320?
165
Calculate the greatest common factor of 23 and 368.
23
What is the highest common factor of 2034 and 54?
18
Calculate the highest common divisor of 54 and 90.
18
What is the greatest common factor of 1750 and 56?
14
What is the highest common factor of 25 and 4?
1
Calculate the greatest common factor of 8 and 124.
4
Calculate the highest common factor of 35 and 35.
35
Calculate the greatest common divisor of 22 and 99.
11
What is the greatest common factor of 12 and 3993?
3
What is the greatest common divisor of 32 and 256?
32
Calculate the greatest common divisor of 100 and 60.
20
What is the highest common divisor of 101 and 3232?
101
What is the greatest common divisor of 24464 and 176?
176
What is the highest common factor of 87 and 203?
29
What is the greatest common factor of 4970 and 14?
14
Calculate the greatest common divisor of 308 and 2016.
28
What is the greatest common factor of 56 and 784?
56
Calculate the greatest common factor of 6 and 33.
3
Calculate the greatest common divisor of 160 and 5.
5
Calculate the highest common divisor of 301 and 7.
7
What is the greatest common divisor of 8064 and 24?
24
What is the highest com